 o(d) = 2*d**3 + 7*d**2 + 43*d + 16. Determine o(-6).
-422
Let k(o) = 435321*o + 38743580. Calculate k(-89).
11
Let c(y) = y**2 + 198*y + 8485. Give c(-64).
-91
Let s(o) = -3*o**3 - 24*o**2 + 226*o + 1260. Give s(-6).
-312
Let l(m) = -m**3 + 158*m**2 - 1226*m + 4086. Determine l(150).
186
Let w(l) = -1213*l - 1296. Calculate w(-1).
-83
Let z(v) = v**2 + 578*v + 70056. Determine z(-173).
-9
Let z(l) = l**3 - 8*l**2 - 29*l - 644. Calculate z(13).
-176
Let h(m) = m**3 + 31*m**2 - 219*m + 6. Give h(6).
24
Let s(p) = p**2 + 383*p + 32111. Determine s(-124).
-5
Let y(z) = -4*z**3 - 65*z**2 + 337*z - 6. What is y(5)?
-446
Let v(l) = -160*l**3 - 18240*l**2 - 35*l - 3978. Calculate v(-114).
12
Let p(m) = 245*m + 3472. What is p(-24)?
-2408
Let b(a) = -a**3 + 2619*a**2 + 28946*a + 148. Calculate b(-11).
-28
Let p(o) = 382*o - 2740. What is p(8)?
316
Let i(s) = -s**2 + 26033*s - 416404. Calculate i(16).
-132
Let i(y) = -y**2 - 605*y - 34155. Calculate i(-63).
-9
Let d(a) = 12*a**3 - 1895*a**2 - 2062*a - 700. Determine d(159).
95
Let c(f) = -9789*f + 68580. Give c(7).
57
Let s(i) = 2*i**3 - 2*i**2 + 25*i - 67. What is s(3)?
44
Let b(f) = 420*f**2 + 3525*f + 1323. Determine b(-8).
3
Let l(r) = 3058*r + 119273. Give l(-39).
11
Let v(n) = n**3 - 4*n**2 - 22*n + 25. Determine v(-5).
-90
Let p(g) = 8983*g - 6818091. Determine p(759).
6
Let x(k) = -70*k**2 + 10168*k - 48. Calculate x(145).
2562
Let r(u) = -21*u**2 - 6363*u - 57. Calculate r(-303).
-57
Let n(v) = 286*v + 6722. What is n(-22)?
430
Let j(s) = -2*s**3 - 1520*s**2 - 33864*s + 28012. Calculate j(-737).
6
Let c(t) = -t**3 - 15*t**2 - 28*t - 347. Determine c(-15).
73
Let g(u) = 865*u**2 - 96015*u + 104. What is g(111)?
104
Let p(l) = 3*l**3 - 83*l**2 + 532*l + 572. What is p(15)?
2
Let q(z) = 3*z**3 + 68*z**2 + 2685*z + 37841. Give q(-16).
1
Let o(v) = 441*v - 108926. Determine o(247).
1
Let f(c) = 7*c**2 + 177*c + 630. Calculate f(-4).
34
Let d(v) = 30*v**3 + 120*v + 317. Determine d(-5).
-4033
Let u(d) = -d**2 + 17204*d - 652295. Give u(38).
13
Let k(b) = 48141*b + 48137. Give k(-1).
-4
Let f(y) = -27*y**2 - 309*y - 39. Calculate f(-10).
351
Let v(h) = -689*h + 70289. Give v(102).
11
Let n(h) = -4*h**3 - 643*h**2 + 173*h + 3526. Calculate n(-161).
1594
Let k(t) = 31*t**3 - 275*t**2 - 1103*t - 5. Determine k(-4).
-1977
Let b(t) = t**3 + 231*t**2 - 4779*t - 1054927. Determine b(-232).
-23
Let u(r) = -2*r**2 - 857*r - 73659. Give u(-119).
2
Let w(p) = -14216*p + 55579. Determine w(4).
-1285
Let a(o) = 11*o**2 - 6904*o + 4201. What is a(627)?
-188
Let m(a) = 922*a + 62640. Determine m(-69).
-978
Let o(l) = -9601*l - 201625. Give o(-21).
-4
Let h(m) = -m**3 + 6*m**2 + 259*m - 188. What is h(21)?
-1364
Let i(s) = 7*s**3 - 23*s**2 + 520*s - 1544. Determine i(3).
-2
Let w(g) = 7293*g + 1990949. Calculate w(-273).
-40
Let l(m) = 14328*m - 14584. Give l(1).
-256
Let a(w) = w**2 + 619*w + 13704. Give a(-23).
-4
Let l(d) = -15*d**2 - 1899*d - 13533. Give l(-119).
33
Let d(w) = w**3 + 1910*w**2 + 705915*w + 3002. What is d(-501)?
-4
Let c(x) = -34*x + 156. What is c(21)?
-558
Let k(o) = -o**3 - 10*o**2 - 49*o - 259. What is k(-8)?
5
Let u(f) = 67772*f**2 - 1626529*f + 24. Determine u(24).
0
Let a(k) = 21846*k**2 + 131052*k + 5. What is a(-6)?
149
Let f(l) = -3513*l**2 - 38625*l - 4. What is f(-11)?
-202
Let q(j) = -j**3 - 232*j**2 + 754*j + 121381. Give q(-233).
-12
Let k(a) = -436*a - 7767. Determine k(-16).
-791
Let y(g) = 2*g**3 + 46*g**2 - 394*g + 273. Calculate y(6).
-3
Let x(c) = 242*c - 1110. Give x(5).
100
Let n(c) = c**3 - 13*c**2 + 361*c - 2016. Calculate n(6).
-102
Let s(z) = 45265*z + 10229877. Determine s(-226).
-13
Let r(f) = 8*f**2 - 25368*f + 579242. Give r(23).
10
Let i(l) = -21029*l + 210298. What is i(10)?
8
Let o(b) = -120*b - 191. Give o(2).
-431
Let p(x) = -2*x**2 - 393*x - 2318. Give p(-6).
-32
Let m(z) = -2*z**3 - 25*z**2 + 1374*z + 15484. Calculate m(-11).
7
Let s(c) = -c**2 + 596*c + 100439. Give s(-137).
18
Let d(p) = -12126*p - 291075. Calculate d(-24).
-51
Let a(f) = 14*f**3 + 1530*f**2 + 428*f - 685. What is a(-109)?
187
Let p(j) = j**3 + 667*j**2 - 3340*j + 24. Determine p(5).
124
Let f(j) = 93475*j + 6075877. Give f(-65).
2
Let l(o) = 7*o**2 - 37337*o + 409857. Calculate l(11).
-3
Let t(f) = 79*f**3 + 462*f**2 + 31*f + 158. Determine t(-6).
-460
Let n(b) = 2651*b - 856264. Calculate n(323).
9
Let s(f) = 2*f**3 - 34*f**2 + 132*f + 11. Determine s(11).
11
Let h(k) = -49*k**2 + 694*k - 1271. What is h(12)?
1
Let u(m) = -205*m**3 - 88*m**2 + 48*m + 137. Give u(-1).
206
Let p(d) = -36*d**3 + 1044*d**2 + 132*d - 3836. Calculate p(29).
-8
Let b(h) = 6210*h + 31069. What is b(-5)?
19
Let r(v) = -33904*v + 1288373. Determine r(38).
21
Let k(m) = -m**3 - 79*m**2 - 152*m + 233. Determine k(-77).
79
Let l(o) = 18918*o + 283806. Calculate l(-15).
36
Let u(k) = 339*k + 19078. Calculate u(-56).
94
Let o(v) = -75726*v - 227144. Give o(-3).
34
Let l(c) = 3*c**3 - 14*c**2 - 10309*c + 51517. Calculate l(5).
-3
Let y(k) = -12*k**3 + 130*k**2 + 1235*k - 13433. What is y(11)?
-90
Let v(m) = -11703*m - 81714. Give v(-7).
207
Let i(j) = -j**3 + 34*j**2 - 164*j - 268. Calculate i(28).
-156
Let f(s) = -s**3 - 34*s**2 - 240*s + 861. Determine f(-16).
93
Let v(o) = o**3 + 41*o**2 - 219*o - 5726. Give v(-43).
-7
Let s(a) = -8557*a - 2558547. Give s(-299).
-4
Let r(i) = 119*i**2 + 314*i - 315. What is r(1)?
118
Let s(j) = -2*j**2 - 33566*j - 201431. What is s(-6)?
-107
Let y(p) = -149*p**2 + 1226*p - 206. Determine y(8).
66
Let m(h) = -2234*h + 20057. Give m(9).
-49
Let v(l) = l**3 + 250*l**2 + 11527*l - 148. Calculate v(-61).
-26
Let u(g) = -840*g + 27659. Determine u(33).
-61
Let v(d) = -2*d**3 + 1508*d**2 - 169056*d - 268. Give v(137).
6
Let j(i) = -i**3 + 163*i**2 - 4486*i + 766. What is j(128)?
-2
Let f(k) = 4*k**3 - 57*k**2 + 29*k - 79. Calculate f(13).
-547
Let t(i) = -2*i**3 - 204*i**2 + 406*i - 480. What is t(-104)?
560
Let d(q) = -q**3 + 9*q**2 - 3773*q + 41747. Determine d(11).
2
Let d(p) = -3*p**2 - 491*p - 4360. Give d(-10).
250
Let x(f) = 174051*f - 2610815. Calculate x(15).
-50
Let l(u) = 8752*u - 70082. What is l(8)?
-66
Let b(w) = w**2 + 3762*w - 148223. Calculate b(39).
16
Let a(s) = 359*s - 4515. Determine a(18).
1947
Let u(n) = -47*n**2 + 192*n + 595. Calculate u(-3).
-404
Let x(g) = 103*g**2 - 1505*g + 3550. What is x(3)?
-38
Let w(f) = -88*f + 396. What is w(15)?
-924
Let g(r) = 2202*r + 19715. Calculate g(-9).
-103
Let p(w) = 153*w**2 - 2936*w - 127. Determine p(19).
-678
Let y(o) = -70*o + 2544. Give y(37).
-46
Let f(d) = 18*d**2 + 1668*d + 21699. What is f(-13)?
3057
Let j(s) = 363*s - 108274. What is j(298)?
-100
Let t(n) = -n**3 + n**2 + 31*n - 6. Determine t(12).
-1218
Let l(h) = -17*h**3 - 28*h**2 + 4*h + 40. Determine l(-4).
664
Let i(y) = -29605*y + 118421. Determine i(4).
1
Let h(x) = 15*x**2 - 893*x + 6791. What is h(50)?
-359
Let h(k) = -4860*k**2 - 87479*k + 69. Determine h(-18).
51
Let w(p) = 2*p**2 + 330*p - 9066. Determine w(-189).
6
Let p(m) = 51*m**3 - 4032*m**2 - 3848*m + 636. Calculate p(80).
-4
Let t(m) = 30*m**3 - 107*m**2 - 210*m. Calculate t(-2).
-248
Let h(t) = 2*t**3 + 60*t**2 + 67*t - 79. Calculate h(-26).
3587
Let d(n) = -605*n + 19025. Give d(33).
-940
Let y(s) = s**3 + 71*s**2 + 1263*s + 923. What is y(-40)?
3
Let v(r) = -r**3 + 173*r**2 - 660*r - 2703. Determine v(169).
1
Let t(l) = 277*l**3 - 6371*l**2 - 24*l + 562. Give t(23).
10
Let q(u) = 16*u**2 + 225*u - 8370. Calculate q(-31).
31
Let o(l) = 2*l**2 + 460*l - 23494. Determine o(-273).
-16
Let z(g) = 1919*g - 657. What is z(0)?
-657
Let n(w) = -5660*w - 118973. What is n(-21)?
-113
Let r(n) = -n**3 - 63*n**2 - 177*n - 239. Give r(-60).
-419
Let r(v) = 54*v**2 - 929*v - 229. Determine r(18).
545
Let c(p) = -p**3 - 30*p**2 - 82*p + 1143. Give c(-25).
68
Let v(o) = -2*o**3 - 10*o**2 + 66*o - 58. Calculate v(3).
-4
Let i(g) = g**2 + 392*g - 12109. Give i(31).
1004
Let x(o) = 2*o**3 + 143*o**2 - 781*o + 130. Calculate x(5).
50
Let a(q) = -q**2 - 56*q + 1006. Give a(13).
109
Let d(k) = -39*k**2 + 322*k - 10. Determine d(12).
-1762
Let j(i) = -i**3 + 192*i**2 + 2983*i - 639013. What is j(190)?
-43
Let r(x) = -4343*x + 1402788. Determine r(323).
-1
Let x(z) = 89924*z + 89963. What is x(-1)?
39
Let z(f) = -66